64*q - 6. Calculate m(-13).
7
Let m(n) = -n**2 - 39*n + 26. Determine m(14).
-716
Let x(t) = t**3 - 11*t**2 + 18*t - 14. Calculate x(10).
66
Let q(t) = 10*t**2 - 46*t - 95. Calculate q(7).
73
Let p(o) = o**2 - 5*o - 456. What is p(-19)?
0
Let d(w) = -2*w**2 - 157*w + 2597. Determine d(14).
7
Let q(y) = -y**2 - 5*y + 122. Give q(-14).
-4
Let w(o) = o**2 + 33*o + 163. Determine w(-27).
1
Let r(v) = -3*v**3 + 41*v**2 + 13*v - 31. What is r(14)?
-45
Let x(z) = -2*z**3 - 87*z**2 + 4937*z - 197. What is x(-76)?
31
Let z(f) = 99*f + 2584. Determine z(-31).
-485
Let r(h) = 12*h**2 + 195*h - 86. Determine r(-15).
-311
Let d(y) = 67*y**2 + 2*y. Give d(2).
272
Let h(n) = 3*n**3 + 84*n**2 + 69*n - 334. Give h(-27).
-10
Let g(n) = 8*n**2 + 474*n + 543. Calculate g(-58).
-37
Let k(g) = -4*g**2 + 33*g + 229. Give k(12).
49
Let c(z) = -z**3 - 60*z**2 + 259*z + 199. What is c(-64)?
7
Let f(x) = 4*x**3 + 11*x**2 - 3*x + 25. Give f(0).
25
Let u(m) = 3*m**2 + 63*m + 393. Determine u(-5).
153
Let j(l) = 2*l**2 - 14*l + 77. Give j(6).
65
Let u(z) = 2*z**2 - 108*z + 273. What is u(51)?
-33
Let u(w) = -145*w + 874. Determine u(6).
4
Let m(l) = 2*l**3 + 22*l**2 + 17*l + 16. Determine m(-9).
187
Let t(d) = -182*d + 17649. Give t(97).
-5
Let q(g) = -75*g - 46. Give q(0).
-46
Let x(b) = 299*b - 3282. Give x(11).
7
Let p(w) = 31*w - 29. Determine p(1).
2
Let g(s) = -3*s**3 + 70*s**2 + 55*s - 174. Determine g(24).
-6
Let s(t) = 3*t**2 - 57*t - 45. What is s(21)?
81
Let u(l) = l**3 + 39*l**2 + 42*l + 128. Give u(-38).
-24
Let z(h) = h**3 - 16*h**2 + 50*h - 2. Give z(6).
-62
Let o(h) = -h**2 - 30*h + 145. Determine o(-40).
-255
Let g(t) = t**3 - 2*t**2 - 14*t - 1. Calculate g(-6).
-205
Let o(r) = 2*r - 387. Determine o(32).
-323
Let u(d) = -d**2 + 14*d - 43. Calculate u(10).
-3
Let r(x) = 6*x**2 + 98*x - 26. Give r(-24).
1078
Let u(i) = i**3 - 97*i**2 - 195*i - 249. Determine u(99).
48
Let r(t) = 6*t**2 + 483*t - 230. What is r(-81)?
13
Let n(l) = 82*l + 1609. Calculate n(-17).
215
Let t(h) = -101*h + 346. Calculate t(1).
245
Let c(u) = u**3 - 4*u**2 + 183*u - 1178. Give c(6).
-8
Let s(b) = 8*b - 670. Give s(41).
-342
Let d(z) = z**2 + 40*z - 19. What is d(-14)?
-383
Let b(f) = -25*f - 114. What is b(18)?
-564
Let m(l) = -14*l**2 + 51*l - 211. Give m(4).
-231
Let d(r) = -2*r**2 + 147*r - 1004. Calculate d(66).
-14
Let q(d) = d**3 + 2*d**2 - 8*d + 16. Give q(3).
37
Let w(z) = -2*z**3 + 49*z**2 - 138*z - 199. Give w(21).
-10
Let m(q) = -205*q - 2664. What is m(-13)?
1
Let f(l) = l**2 + 27*l + 182. Calculate f(-11).
6
Let k(w) = -13*w - 498. Give k(-51).
165
Let o(x) = -1882*x - 13253. What is o(-7)?
-79
Let k(n) = -7*n**2 + 434*n - 15. Give k(62).
-15
Let q(n) = -2995*n + 8979. Give q(3).
-6
Let n(o) = 86*o**2 + 2925*o + 43. Determine n(-34).
9
Let o(w) = w**3 + 34*w**2 + 72*w + 290. What is o(-32)?
34
Let b(g) = -66*g + 7396. Calculate b(112).
4
Let f(c) = -c**3 - 20*c**2 - 93*c + 30. Give f(-6).
84
Let n(j) = -5*j**3 + 2*j**2 + 1. Calculate n(-3).
154
Let u(k) = k**2 - 57*k + 827. Determine u(25).
27
Let p(x) = x**3 - 133*x**2 + 2434*x + 894. Determine p(111).
6
Let x(b) = 8*b**2 + 17*b + 29. Calculate x(-2).
27
Let v(s) = 2*s**2 + 16*s + 40. Calculate v(8).
296
Let a(s) = -41*s**2 - 61*s. What is a(-2)?
-42
Let c(g) = -3*g**2 - 72*g - 223. Determine c(-9).
182
Let w(m) = 23*m**3 - 10*m**2 + 20*m - 1. Determine w(2).
183
Let i(r) = 2*r**3 - 217*r**2 - 338*r + 853. Determine i(110).
-27
Let n(x) = 9*x**2 - 510*x + 1292. Determine n(54).
-4
Let q(h) = h**3 - 19*h**2 + 27*h + 293. Determine q(16).
-43
Let g(j) = -j**3 - 5*j**2 - 22*j - 38. What is g(-2)?
-6
Let o(k) = -49*k**2 + 115*k + 117. Give o(-1).
-47
Let s(o) = 41*o + 828. Determine s(-19).
49
Let s(q) = 5*q**3 - 10*q**2 + 9*q - 11. Determine s(2).
7
Let x(y) = -y**3 - 13*y**2 + 41*y + 187. Give x(-15).
22
Let n(s) = -3*s**2 - 27*s - 56. Determine n(-8).
-32
Let o(q) = -79*q**2 - 178*q + 179. What is o(1)?
-78
Let r(x) = -x**3 + 15*x**2 + 4*x + 15. What is r(0)?
15
Let b(t) = -4*t**3 + 52*t**2 - 140*t - 16. Calculate b(4).
0
Let q(l) = -l**2 - 95*l + 1970. Give q(18).
-64
Let d(b) = 674*b - 12757. Determine d(19).
49
Let n(s) = -4*s**2 - 34*s - 228. Give n(-6).
-168
Let n(w) = 395*w - 778. What is n(2)?
12
Let d(s) = -63*s + 4. Calculate d(0).
4
Let i(m) = m**2 + 90*m + 1970. What is i(-38)?
-6
Let a(o) = 2*o**3 - 48*o**2 - 58*o + 212. What is a(25)?
12
Let a(m) = -73*m - 1103. Give a(-15).
-8
Let g(i) = 8*i**2 + 38*i + 16. Determine g(-5).
26
Let u(x) = -x**3 + 23*x**2 - 54*x + 90. Give u(22).
-614
Let r(n) = -6*n - 3. Determine r(-2).
9
Let j(c) = -c**2 - 3*c + 119. Give j(9).
11
Let l(h) = 28*h + 112. Give l(-5).
-28
Let l(m) = -m**3 + m**2 + 5*m + 117. Give l(7).
-142
Let m(n) = -513*n - 1924. Give m(-4).
128
Let x(a) = -a**2 + 87*a - 1729. Determine x(32).
31
Let g(p) = -437*p + 1344. Determine g(3).
33
Let j(z) = -2*z**2 + 34*z + 63. Determine j(-2).
-13
Let h(g) = -157*g + 9620. Calculate h(62).
-114
Let n(t) = -t**3 - 10*t**2 - 31*t - 3. Determine n(-5).
27
Let n(g) = -23739*g - 23740. Calculate n(-1).
-1
Let i(o) = 2*o**3 + 144*o**2 + 191*o + 3475. Calculate i(-71).
-4
Let n(l) = -5*l**3 - 15*l**2 + 18*l + 1. Determine n(-4).
9
Let o(d) = -d**2 - 238*d - 477. Determine o(-236).
-5
Let j(y) = -857*y + 41998. What is j(49)?
5
Let t(w) = 2*w**3 - 9*w**2 + 10*w - 17. Determine t(4).
7
Let w(i) = -23*i**2 - 90*i - 62. Calculate w(-3).
1
Let t(g) = -12002*g - 132009. Calculate t(-11).
13
Let r(b) = 3*b**2 - 313*b + 102. Determine r(104).
-2
Let a(c) = -273*c - 547. Give a(-2).
-1
Let o(r) = 28*r + 1210. What is o(-33)?
286
Let f(q) = -q**3 - 2*q**2 + 9*q + 11. Calculate f(-2).
-7
Let n(f) = -42*f - 1647. Calculate n(-39).
-9
Let c(y) = y**3 - 4*y**2 - y - 24. Calculate c(-5).
-244
Let j(b) = -31*b + 380. Calculate j(12).
8
Let d(b) = -180*b + 6525. Calculate d(36).
45
Let b(z) = -2*z**3 - 3*z**2 + 9*z + 36. Determine b(3).
-18
Let b(t) = -t**3 - 21*t - 48. What is b(-5)?
182
Let z(r) = -27*r**3 - r**2 + 8*r + 15. Give z(-2).
211
Let z(p) = -p**3 + 64*p**2 - 823*p - 220. Determine z(46).
10
Let r(p) = -165*p + 834. What is r(5)?
9
Let s(k) = 2*k**3 - 79*k**2 + 41*k - 60. Determine s(39).
18
Let p(z) = 3*z**3 + 5*z**2 - 5*z + 3. What is p(4)?
255
Let u(h) = h**3 + 5*h**2 - 9*h + 2. Determine u(-6).
20
Let f(r) = -103*r - 1414. Calculate f(-14).
28
Let l(a) = 5*a**3 + 28*a**2 + 3*a + 25. What is l(-6)?
-65
Let z(k) = -k + 251. Give z(202).
49
Let x(o) = -181*o - 239. Determine x(-2).
123
Let d(f) = f**3 + 49*f**2 - 10*f - 452. Determine d(-49).
38
Let x(u) = 5*u**2 + 56*u - 195. Calculate x(5).
210
Let x(r) = -47*r - 1039. Determine x(-22).
-5
Let w(g) = -2*g**3 + 49*g**2 - 20*g - 100. Determine w(24).
-4
Let u(w) = w**2 + 10*w - 104. Give u(-17).
15
Let z(j) = -4*j**2 + 464*j - 3839. What is z(107)?
13
Let f(n) = -2*n**3 + 24*n**2 - 4*n + 304. What is f(13)?
-86
Let z(m) = 45*m - 1448. Determine z(38).
262
Let o(d) = -3*d**2 + 357*d + 726. Determine o(121).
0
Let w(o) = o**3 + 20*o**2 + 93*o + 26. Determine w(-14).
-100
Let k(b) = -b**3 + 47*b**2 + 156*b - 310. Give k(50).
-10
Let w(n) = -13*n**2 + 77*n + 384. Determine w(9).
24
Let d(z) = -z**2 + 144*z - 3332. Determine d(115).
3
Let f(w) = w**3 + 38*w**2 - 3*w - 103. Give f(-38).
11
Let n(c) = c**3 - 48*c**2 + 95*c + 58. Give n(46).
196
Let u(m) = -m**3 - 6*m**2 - 76*m - 560. Give u(-7).
21
Let n(s) = s**2 + 6*s - 14. Give n(3).
13
Let f(i) = -101*i**2 - 1219*i - 120. Calculate f(-12).
-36
Let n(i) = -2*i**2 - 35*i + 25. What is n(-22)?
-173
Let o(t) = -4*t + 216. What is o(48)?
24
Let f(q) = 23*q + 8167. Calculate f(-355).
2
Let f(w) = -17*w**2 + 9*w + 18. Calculate f(-3).
-162
Let t(y) = y**2 - 25*y - 7157. Determine t(-73).
-3
Let t(v) = -9281*v - 46393. What is t(-5)?
12
Let k(b) = 39*b + 528. Determine k(-4).
372
Let f(j) = -4*j**2 - 51*j + 349. Calculate f(5).
-6
Let m(n) = -3*n**3 + 33*n**2 - 8*n - 4. Calculate m(6).
488
Let a(h) = -h**3 - 5*h**2 + 8*h - 332. Calculate a(-10).
88
Let p(q) = -16*q**2 - 73*q - 36. Determine p(-4).
0
Let a(r) = r**2 + 78*r + 330. Give a(-5).
-35
Let x(y) = -5*y**3 + 4*y**2 - 4. Give x(2).
-28
Let y(f) = -10*f**2 - 38*f + 169. Calculate y(5).
-271
Let b(r) = 209*r - 2527. Calculate b(12).
-19
Let o(z) = -583*z**3 - 2*z**2 - z.